+ 20377. Calculate the highest common factor of 14 and u.
7
Let h be 23078/99 - (-190)/(-171). Let j = -3 + 7. Calculate the highest common factor of j and h.
4
Let k be 16/(-4) + (38/(-4))/(7/(-42)). What is the highest common divisor of 22843 and k?
53
Let h be (74/(-6))/(58/(-174)). What is the highest common factor of 4699 and h?
37
Let j(d) = 5*d - 48. Let y be j(-12). Let k be y/12*(-1*46 + 1). What is the greatest common factor of 45 and k?
45
Let p = -61 + 104. Suppose -5*l + 3 = 4*t - 9, 4*l = t - 3. Suppose 4*n - n - 181 = -s, 4*s - 2*n - 682 = l. Calculate the greatest common divisor of p and s.
43
Suppose 0 = 65*k - 18*k - 10340. What is the greatest common factor of k and 1265?
55
Suppose 50 = 10*h + 10. Suppose h*b + 378 = 18*b. Calculate the highest common factor of 783 and b.
27
Let b be ((-114)/9)/(5/(-15)). Let y be (25 - -3)*19/b. What is the highest common divisor of 63 and y?
7
Let k = 70 + -94. Let m be 6/(-9) - (-2408)/k. Let d be 2/2 - ((m - 2) + -4). What is the greatest common factor of d and 24?
12
Let z = -3 - -4. Suppose -3*v - 45 = -3*r, -5*r + 27*v = 23*v - 68. What is the highest common divisor of r and z?
1
Suppose k = -o + 33, -5*o - 7*k + 9*k = -200. Let y = 251 - -34. Calculate the highest common factor of o and y.
19
Let s(u) = 3*u**2 - 66*u - 774. Let j be s(-26). What is the highest common factor of j and 10?
10
Let z be 46774/195 + 4/30. Suppose z = -5*c + 610. Suppose 1 = 3*l - c. What is the highest common factor of l and 5?
5
Suppose 0 = -3*z + 11*b + 28586, 4*z = -34*b + 29*b + 38095. What is the highest common divisor of z and 127?
127
Let f = 92 + -64. Let x = f + -21. Let b(c) = 3*c**2 - 15*c - 12. Let l be b(x). Calculate the greatest common factor of 240 and l.
30
Suppose i = -4*b + 29, 51 = -5*i + 2*b + 152. Let f(j) = 12*j**2 + 5*j - 4. Let l be f(-4). Calculate the highest common divisor of i and l.
21
Let i(m) = m**3 - 7*m**2 - 2*m + 9. Let z be i(7). Let u be z/(-1 + 2/4). Let g = u - 0. What is the greatest common divisor of g and 90?
10
Let w be -4 - (-102 + (2 - 3)). Let f = w + -55. Let c = 205 - 183. What is the highest common divisor of c and f?
22
Suppose t = 3*l + 7932, 4*t - 15459 = 5*l + 16234. What is the greatest common factor of 273 and t?
273
Suppose 5*o - 8 = 27. Suppose 0 = -5*n + o + 98. Let b = -8047 - -8050. What is the greatest common factor of b and n?
3
Suppose 3*v + 5*g = 1090, -2*g - 52 = -56. What is the highest common factor of v and 320?
40
Let b(t) = t**2 + 15*t + 8. Let y be b(-17). Let i(n) = -n**3 + 12*n**2 - n - 1. Let c be i(10). What is the highest common divisor of c and y?
21
Suppose 8*j = 5365 - 1109. Let m = j + -372. Calculate the highest common divisor of m and 32.
32
Let b = 91899 + -65622. Calculate the highest common divisor of b and 19.
19
Let q = -79 - -34. Let m = 45 + q. Let d be 39 - ((-1 - m) + -1). Calculate the highest common divisor of 41 and d.
41
Let t be 10 + -1 + 1/(-1). Let g be (-838)/16 + 11/(792/27). Let y = t - g. What is the highest common divisor of 20 and y?
20
Let z be 1944/20 + -1 - (-4)/(-20). Let r be (-8)/12 + (2 - z/(-9)). Calculate the greatest common divisor of 108 and r.
12
Let l be 55 - 2 - 2/1. Let i = l + -23. Let r = 45 + -37. What is the highest common factor of i and r?
4
Let z be 9 + (-4)/(16 + -4) + (-9)/(-27). Calculate the highest common factor of 94 and z.
1
Let k be (-34 + (-980)/(-49))/(-3 + (1 - 0)). Calculate the greatest common divisor of k and 1099.
7
Let z be 705/(-7*(-5)/70). Calculate the greatest common divisor of 30 and z.
30
Let x = 2508 - 1661. Calculate the greatest common factor of x and 363.
121
Let c(f) = -f**2 + 40*f - 220. Let s be c(24). Calculate the greatest common divisor of 820 and s.
164
Let h be (-133)/(-1)*(90/40 - (-275)/(-140)). What is the greatest common divisor of 4978 and h?
38
Suppose -4*y + 417 = -2*l - 89, -127 = -y + l. Calculate the greatest common divisor of 96 and y.
6
Suppose -23041*s + 46170 = -23031*s. Calculate the greatest common divisor of s and 76.
19
Suppose -75*c + 122*c = 2820. Let a(n) = -2*n**2 + 46*n + 10. Let b be a(13). What is the highest common divisor of c and b?
30
Let d be 6045/45*(5 + 1). Suppose 12*k - d = -74. Calculate the highest common factor of k and 1.
1
Let f(g) = 42*g - 8. Let b be f(4). Suppose 40 = z - v + 6*v, 4*z = 2*v + b. Suppose 12*c - 1433 = 1927. Calculate the greatest common divisor of c and z.
40
Let t(h) = 5 + 1 - 2 - 21*h + 20*h. Let i be t(-14). Let q be (2/4)/(1/i). What is the highest common divisor of 9 and q?
9
Let f(d) = 14*d**2 + 857*d + 31. Let k be f(-65). What is the greatest common factor of k and 77?
11
Let h = -72432 - -103141. Calculate the highest common divisor of h and 41.
41
Let d be (1/(-2) - (-4)/16) + (-69150)/(-120). What is the greatest common factor of 60 and d?
12
Suppose 0*p + 2*p = -2. Let l be ((-6)/(-8))/(p/(-4)). Suppose -7*t = 4*g - 2*t - 84, -2*t + 105 = 5*g. Calculate the greatest common factor of l and g.
3
Let q(l) = -31*l**2 - l. Let u be q(1). Let r = u - -32. Suppose r*t + 22 = t. What is the greatest common divisor of 11 and t?
11
Suppose 92*m + 107*m = 361 + 124412. What is the highest common factor of m and 363?
33
Let d = -42 - -46. Suppose g - 7 = d. Suppose -8*j = -g - 133. What is the greatest common factor of 2 and j?
2
Suppose -12*r = -22*r + 380. Suppose 0 - 76 = -r*h. What is the greatest common divisor of h and 5?
1
Let o = 30 + -13. Let x(r) = 2*r**3 - 15*r**2 - 31*r + 26. Let n be x(12). Let t be n/8 - (-8 + 155/20). What is the highest common factor of o and t?
17
Let h be (77 - (-4 + 2))/((-13)/(-344 + 6)). What is the highest common divisor of h and 790?
158
Suppose 4*j - 5*d = 202, -2*j + 218 = 2*d + 126. What is the greatest common divisor of 5104 and j?
16
Suppose 21*m = 21*m - 32*m + 8832. Calculate the highest common divisor of m and 3496.
92
Suppose -28*v = -17*v + 308. Let o be (96/v)/(82/84 - 1). What is the greatest common divisor of 16 and o?
16
Let h = -522 + 551. Let y = 0 + h. Calculate the highest common divisor of 87 and y.
29
Suppose 0 = -4*l - 5*j + 543, -160 = -2*l - 4*j + 98. Suppose -5*f + 492 = 2*o - o, -f + 102 = 2*o. Calculate the greatest common factor of f and l.
49
Let q be (-677664)/(-7696) - 2*3/111. What is the greatest common divisor of q and 3176?
8
Let p(d) = 4*d**2 - 411*d - 3591. Let x be p(-9). What is the highest common factor of x and 3582?
18
Suppose z - 65*c - 61 = -62*c, -z - 2*c = -56. Let v be (-2)/((-6)/171) + 1. What is the highest common factor of v and z?
58
Let w = 41 - 58. Let d be 16/10 + w/(255/(-6)). What is the highest common factor of d and 2?
2
Let p be (-6 - 1 - (4 - 10))*-10. Let q be (10 - 4)*6/4. Let a be 2*(q/2 + -2). What is the highest common divisor of a and p?
5
Suppose -q - 92*q = -990*q + 39468. Let z(f) = f**3 + 6*f**2 + 2*f - 1. Let t be z(-2). Calculate the greatest common factor of t and q.
11
Suppose 4*t + 88 = 4*w, -19*w + 13 = -18*w - 4*t. Let p = 10 - 31. Let n be (-25)/((9/3)/p). Calculate the highest common divisor of n and w.
25
Let s = -304 + 308. Let z be (116/(-24) + s)*-42. Calculate the highest common factor of 10 and z.
5
Suppose -3*j + 4*j = h - 75, 0 = 2*j + 2*h + 162. Let a be (-865)/(-3) - (-26)/j. Calculate the greatest common factor of a and 9.
9
Let r = -190 - -370. Let u be (r/25)/(3/15). Let w = -80 - -224. What is the greatest common factor of u and w?
36
Let s = 124 + -19. Let p be ((-63)/(-5))/((-1)/(-5)). Calculate the greatest common factor of p and s.
21
Suppose -3*y = h + 7, -2*y = 2*h + 2 + 12. Let k be h + 223 + -5 + 3 + 2. Let c = 25 + -13. What is the greatest common factor of k and c?
12
Suppose -43*f + 4944 = -7827. What is the highest common divisor of 1221 and f?
33
Let t be ((-2)/3 + 6716/(-24) + 1)*-2. What is the greatest common factor of t and 172?
43
Suppose 9*u - 1021195 = -3*u - 23*u. Calculate the highest common factor of u and 163.
163
Suppose w = -65 - 22. Let d = -56 - w. Let c = d + -25. What is the highest common factor of c and 30?
6
Let b(d) = 9*d**3 - d**2 - 2*d - 2. Let u be b(-2). Let c be (7/5)/(5 + u/15). What is the highest common divisor of c and 12?
3
Let l be (4 + 4/5)/(4/50). Let q(u) = -u + 28. Let k be q(8). Calculate the greatest common